the prime factors of 714?
2, 3, 7, 17
What are the prime factors of 85560?
2, 3, 5, 23, 31
List the prime factors of 4521.
3, 11, 137
What are the prime factors of 7855?
5, 1571
List the prime factors of 1157.
13, 89
List the prime factors of 1776.
2, 3, 37
What are the prime factors of 31604?
2, 7901
What are the prime factors of 57945?
3, 5, 3863
List the prime factors of 23772.
2, 3, 7, 283
List the prime factors of 28902.
2, 3, 4817
What are the prime factors of 12906?
2, 3, 239
List the prime factors of 33651.
3, 3739
List the prime factors of 9787.
9787
List the prime factors of 7932.
2, 3, 661
What are the prime factors of 54065?
5, 11, 983
What are the prime factors of 12460?
2, 5, 7, 89
What are the prime factors of 185?
5, 37
What are the prime factors of 3148?
2, 787
What are the prime factors of 3893?
17, 229
List the prime factors of 7890.
2, 3, 5, 263
List the prime factors of 802.
2, 401
What are the prime factors of 611?
13, 47
What are the prime factors of 3942?
2, 3, 73
List the prime factors of 161157.
3, 53719
What are the prime factors of 5655?
3, 5, 13, 29
List the prime factors of 11333.
7, 1619
List the prime factors of 25830.
2, 3, 5, 7, 41
List the prime factors of 1000.
2, 5
List the prime factors of 1984.
2, 31
List the prime factors of 1127.
7, 23
List the prime factors of 1660.
2, 5, 83
List the prime factors of 1340.
2, 5, 67
List the prime factors of 1996.
2, 499
List the prime factors of 8167.
8167
What are the prime factors of 29953?
7, 11, 389
What are the prime factors of 88863?
3, 19, 1559
List the prime factors of 147699.
3, 16411
What are the prime factors of 8470?
2, 5, 7, 11
List the prime factors of 249.
3, 83
List the prime factors of 50262.
2, 3, 8377
What are the prime factors of 1487?
1487
List the prime factors of 1101.
3, 367
What are the prime factors of 26954?
2, 13477
What are the prime factors of 972?
2, 3
List the prime factors of 15594.
2, 3, 23, 113
List the prime factors of 21219.
3, 11, 643
What are the prime factors of 5630?
2, 5, 563
List the prime factors of 22186.
2, 11093
What are the prime factors of 3936?
2, 3, 41
What are the prime factors of 12532?
2, 13, 241
What are the prime factors of 10648?
2, 11
List the prime factors of 29432.
2, 13, 283
What are the prime factors of 1378?
2, 13, 53
List the prime factors of 131902.
2, 65951
List the prime factors of 1048.
2, 131
What are the prime factors of 38090?
2, 5, 13, 293
List the prime factors of 84582.
2, 3, 37, 127
What are the prime factors of 66121?
11, 6011
What are the prime factors of 193314?
2, 3, 11, 29, 101
List the prime factors of 75808.
2, 23, 103
What are the prime factors of 45247?
45247
List the prime factors of 16682.
2, 19, 439
List the prime factors of 5235.
3, 5, 349
What are the prime factors of 14437?
14437
What are the prime factors of 3306?
2, 3, 19, 29
List the prime factors of 13738.
2, 6869
What are the prime factors of 23610?
2, 3, 5, 787
List the prime factors of 7501.
13, 577
List the prime factors of 1987.
1987
What are the prime factors of 148875?
3, 5, 397
List the prime factors of 83559.
3, 7, 23, 173
What are the prime factors of 20915?
5, 47, 89
List the prime factors of 252.
2, 3, 7
List the prime factors of 433.
433
List the prime factors of 2987.
29, 103
What are the prime factors of 4481?
4481
List the prime factors of 44885.
5, 47, 191
What are the prime factors of 843?
3, 281
List the prime factors of 15390.
2, 3, 5, 19
List the prime factors of 2511.
3, 31
What are the prime factors of 879?
3, 293
List the prime factors of 1943.
29, 67
List the prime factors of 2292.
2, 3, 191
What are the prime factors of 3524?
2, 881
What are the prime factors of 2346?
2, 3, 17, 23
List the prime factors of 16418.
2, 8209
What are the prime factors of 6652?
2, 1663
What are the prime factors of 10611?
3, 131
List the prime factors of 862.
2, 431
List the prime factors of 21246.
2, 3, 3541
What are the prime factors of 1480?
2, 5, 37
What are the prime factors of 36489?
3, 12163
What are the prime factors of 21533?
61, 353
What are the prime factors of 1443?
3, 13, 37
List the prime factors of 1061.
1061
What are the prime factors of 2197?
13
What are the prime factors of 23591?
31, 761
List the prime factors of 40953.
3, 11, 17, 73
List the prime factors of 560.
2, 5, 7
List the prime factors of 1724.
2, 431
List the prime factors of 106869.
3, 7, 727
List the prime factors of 23219.
7, 31, 107
List the prime factors of 2568.
2, 3, 107
What are the prime factors of 8918?
2, 7, 13
List the prime factors of 1116.
2, 3, 31
List the prime factors of 2835.
3, 5, 7
What are the prime factors of 42895?
5, 23, 373
List the prime factors of 2412.
2, 3, 67
List the prime factors of 38765.
5, 7753
What are the prime factors of 2544?
2, 3, 53
What are the prime factors of 1809?
3, 67
What are the prime factors of 836?
2, 11, 19
What are the prime factors of 437?
19, 23
List the prime factors of 35353.
35353
What are the prime factors of 2264?
2, 283
What are the prime factors of 36859?
29, 31, 41
List the prime factors of 1004.
2, 251
List the prime factors of 18241.
17, 29, 37
What are the prime factors of 89555?
5, 17911
List the prime factors of 841.
29
List the prime factors of 4001.
4001
List the prime factors of 79151.
79151
List the prime factors of 128314.
2, 64157
List the prime factors of 922.
2, 461
List the prime factors of 2885.
5, 577
List the prime factors of 1224.
2, 3, 17
What are the prime factors of 11176?
2, 11, 127
List the prime factors of 5470.
2, 5, 547
What are the prime factors of 21314?
2, 10657
List the prime factors of 7153.
23, 311
What are the prime factors of 5560?
2, 5, 139
List the prime factors of 64153.
64153
List the prime factors of 616.
2, 7, 11
List the prime factors of 47014.
2, 11, 2137
List the prime factors of 665.
5, 7, 19
What are the prime factors of 888?
2, 3, 37
List the prime factors of 719.
719
List the prime factors of 5333.
5333
List the prime factors of 8846.
2, 4423
List the prime factors of 18381.
3, 11, 557
List the prime factors of 1950.
2, 3, 5, 13
List the prime factors of 43383.
3, 14461
List the prime factors of 983.
983
What are the prime factors of 24163?
73, 331
What are the prime factors of 174?
2, 3, 29
What are the prime factors of 14007?
3, 7, 23, 29
List the prime factors of 10870.
2, 5, 1087
List the prime factors of 2994.
2, 3, 499
What are the prime factors of 2362?
2, 1181
List the prime factors of 8112.
2, 3, 13
List the prime factors of 1282.
2, 641
List the prime factors of 373.
373
List the prime factors of 1664.
2, 13
List the prime factors of 4832.
2, 151
List the prime factors of 475.
5, 19
What are the prime factors of 2233?
7, 11, 29
What are the prime factors of 69194?
2, 29, 1193
What are the prime factors of 935?
5, 11, 17
List the prime factors of 18646.
2, 9323
What are the prime factors of 5176?
2, 647
List the prime factors of 1124.
2, 281
List the prime factors of 842.
2, 421
List the prime factors of 1263.
3, 421
List the prime factors of 120.
2, 3, 5
What are the prime factors of 2053?
2053
What are the prime factors of 13995?
3, 5, 311
What are the prime factors of 993?
3, 331
What are the prime factors of 94?
2, 47
List the prime factors of 3505.
5, 701
What are the prime factors of 2168?
2, 271
List the prime factors of 500.
2, 5
What are the prime factors of 53772?
2, 3, 4481
List the prime factors of 106943.
229, 467
What are the prime factors of 79226?
2, 7, 5659
What are the prime factors of 5513?
37, 149
What are the prime factors of 2419?
41, 59
List the prime factors of 281.
281
What are the prime factors of 2344?
2, 293
List the prime factors of 1479.
3, 17, 29
List the prime factors of 1781.
13, 137
What are the prime factors of 6355?
5, 31, 41
What are the prime factors of 148269?
3, 11, 4493
List the prime factors of 7228.
2, 13, 139
List the prime factors of 1924.
2, 13, 37
What are the prime factors of 6215?
5, 11, 113
List the prime factors of 389.
389
What are the prime factors of 2486?
2, 11, 113
List the prime factors of 203.
7, 29
What are the prime factors of 118?
2, 59
List the prime factors of 16188.
2, 3, 19, 71
List the prime factors of 2286.
2, 3, 127
List the prime factors of 3894.
2, 3, 11